{"version":"1.0","provider_name":"Embajada de Panam\u00e1 en Francia - Ambassade du Panama en France","provider_url":"https:\/\/embajadadepanamaenfrancia.fr\/fr\/","title":"Panama participe \u00e0 la Semaine de l'Am\u00e9rique latine - Embajada de Panam\u00e1 en Francia - Ambassade du Panama en France","type":"rich","width":600,"height":338,"html":"<blockquote class=\"wp-embedded-content\" data-secret=\"iexYMLIdud\"><a href=\"https:\/\/embajadadepanamaenfrancia.fr\/fr\/panama-participe-a-la-semaine-de-lamerique-latine\/\">Panama participe \u00e0 la Semaine de l&rsquo;Am\u00e9rique latine<\/a><\/blockquote><iframe sandbox=\"allow-scripts\" security=\"restricted\" src=\"https:\/\/embajadadepanamaenfrancia.fr\/fr\/panama-participe-a-la-semaine-de-lamerique-latine\/embed\/#?secret=iexYMLIdud\" width=\"600\" height=\"338\" title=\"\u00ab\u00a0Panama participe \u00e0 la Semaine de l&rsquo;Am\u00e9rique latine\u00a0\u00bb &#8212; Embajada de Panam\u00e1 en Francia - Ambassade du Panama en France\" data-secret=\"iexYMLIdud\" frameborder=\"0\" marginwidth=\"0\" marginheight=\"0\" scrolling=\"no\" class=\"wp-embedded-content\"><\/iframe><script type=\"text\/javascript\">\n\/* <![CDATA[ *\/\n\/*! This file is auto-generated *\/\n!function(d,l){\"use strict\";l.querySelector&&d.addEventListener&&\"undefined\"!=typeof URL&&(d.wp=d.wp||{},d.wp.receiveEmbedMessage||(d.wp.receiveEmbedMessage=function(e){var t=e.data;if((t||t.secret||t.message||t.value)&&!\/[^a-zA-Z0-9]\/.test(t.secret)){for(var s,r,n,a=l.querySelectorAll('iframe[data-secret=\"'+t.secret+'\"]'),o=l.querySelectorAll('blockquote[data-secret=\"'+t.secret+'\"]'),c=new RegExp(\"^https?:$\",\"i\"),i=0;i<o.length;i++)o[i].style.display=\"none\";for(i=0;i<a.length;i++)s=a[i],e.source===s.contentWindow&&(s.removeAttribute(\"style\"),\"height\"===t.message?(1e3<(r=parseInt(t.value,10))?r=1e3:~~r<200&&(r=200),s.height=r):\"link\"===t.message&&(r=new URL(s.getAttribute(\"src\")),n=new URL(t.value),c.test(n.protocol))&&n.host===r.host&&l.activeElement===s&&(d.top.location.href=t.value))}},d.addEventListener(\"message\",d.wp.receiveEmbedMessage,!1),l.addEventListener(\"DOMContentLoaded\",function(){for(var e,t,s=l.querySelectorAll(\"iframe.wp-embedded-content\"),r=0;r<s.length;r++)(t=(e=s[r]).getAttribute(\"data-secret\"))||(t=Math.random().toString(36).substring(2,12),e.src+=\"#?secret=\"+t,e.setAttribute(\"data-secret\",t)),e.contentWindow.postMessage({message:\"ready\",secret:t},\"*\")},!1)))}(window,document);\n\/* ]]> *\/\n<\/script>\n","thumbnail_url":"https:\/\/embajadadepanamaenfrancia.fr\/wp-content\/uploads\/2016\/05\/amerique_latine1.gif","thumbnail_width":960,"thumbnail_height":640,"description":"A partir du 30 mai prochain, l\u2019Ambassade du Panama participe \u00e0 la Semaine de l\u2019Am\u00e9rique latine et des Cara\u00efbes 1. D\u00e9monstration culinaire et d\u00e9gustation avec le Chef Cuquita Le lundi 30 mai de 16h00 \u00e0 18h00 Ecole Cordon Bleu http:\/\/www.cordonbleu.edu\/news\/evenement-panama-avril-2016\/fr Cette d\u00e9gustation culinaire rend hommage aux ingr\u00e9dients uniques qui caract\u00e9risent la cuisine panam\u00e9enne : fruits [&hellip;]"}

Embajada de Panamá en Francia - Ambassade du Panama en France

Panama participe à la Semaine de l'Amérique latine - Embajada de Panamá en Francia - Ambassade du Panama en France

<blockquote class="wp-embedded-content" data-secret="iexYMLIdud"><a href="https://embajadadepanamaenfrancia.fr/fr/panama-participe-a-la-semaine-de-lamerique-latine/">Panama participe à la Semaine de l&rsquo;Amérique latine</a></blockquote><iframe sandbox="allow-scripts" security="restricted" src="https://embajadadepanamaenfrancia.fr/fr/panama-participe-a-la-semaine-de-lamerique-latine/embed/#?secret=iexYMLIdud" width="600" height="338" title="« Panama participe à la Semaine de l&rsquo;Amérique latine » &#8212; Embajada de Panamá en Francia - Ambassade du Panama en France" data-secret="iexYMLIdud" frameborder="0" marginwidth="0" marginheight="0" scrolling="no" class="wp-embedded-content"></iframe><script type="text/javascript">
/* <![CDATA[ */
/*! This file is auto-generated */
!function(d,l){"use strict";l.querySelector&&d.addEventListener&&"undefined"!=typeof URL&&(d.wp=d.wp||{},d.wp.receiveEmbedMessage||(d.wp.receiveEmbedMessage=function(e){var t=e.data;if((t||t.secret||t.message||t.value)&&!/[^a-zA-Z0-9]/.test(t.secret)){for(var s,r,n,a=l.querySelectorAll('iframe[data-secret="'+t.secret+'"]'),o=l.querySelectorAll('blockquote[data-secret="'+t.secret+'"]'),c=new RegExp("^https?:$","i"),i=0;i<o.length;i++)o[i].style.display="none";for(i=0;i<a.length;i++)s=a[i],e.source===s.contentWindow&&(s.removeAttribute("style"),"height"===t.message?(1e3<(r=parseInt(t.value,10))?r=1e3:~~r<200&&(r=200),s.height=r):"link"===t.message&&(r=new URL(s.getAttribute("src")),n=new URL(t.value),c.test(n.protocol))&&n.host===r.host&&l.activeElement===s&&(d.top.location.href=t.value))}},d.addEventListener("message",d.wp.receiveEmbedMessage,!1),l.addEventListener("DOMContentLoaded",function(){for(var e,t,s=l.querySelectorAll("iframe.wp-embedded-content"),r=0;r<s.length;r++)(t=(e=s[r]).getAttribute("data-secret"))||(t=Math.random().toString(36).substring(2,12),e.src+="#?secret="+t,e.setAttribute("data-secret",t)),e.contentWindow.postMessage({message:"ready",secret:t},"*")},!1)))}(window,document);
/* ]]> */
</script>

A partir du 30 mai prochain, l’Ambassade du Panama participe à la Semaine de l’Amérique latine et des Caraïbes 1. Démonstration culinaire et dégustation avec le Chef Cuquita Le lundi 30 mai de 16h00 à 18h00 Ecole Cordon Bleu http://www.cordonbleu.edu/news/evenement-panama-avril-2016/fr Cette dégustation culinaire rend hommage aux ingrédients uniques qui caractérisent la cuisine panaméenne : fruits [&hellip;]
