{"version":"1.0","provider_name":"Embajada de Panam\u00e1 en Francia - Ambassade du Panama en France","provider_url":"https:\/\/embajadadepanamaenfrancia.fr\/fr\/","title":"Rencontre avec la directrice des Am\u00e9riques. - Embajada de Panam\u00e1 en Francia - Ambassade du Panama en France","type":"rich","width":600,"height":338,"html":"<blockquote class=\"wp-embedded-content\" data-secret=\"4W3jbCZVW9\"><a href=\"https:\/\/embajadadepanamaenfrancia.fr\/fr\/rencontre-avec-la-directrice-des-ameriques\/\">Rencontre avec la directrice des Am\u00e9riques.<\/a><\/blockquote><iframe sandbox=\"allow-scripts\" security=\"restricted\" src=\"https:\/\/embajadadepanamaenfrancia.fr\/fr\/rencontre-avec-la-directrice-des-ameriques\/embed\/#?secret=4W3jbCZVW9\" width=\"600\" height=\"338\" title=\"\u00ab\u00a0Rencontre avec la directrice des Am\u00e9riques.\u00a0\u00bb &#8212; Embajada de Panam\u00e1 en Francia - Ambassade du Panama en France\" data-secret=\"4W3jbCZVW9\" frameborder=\"0\" marginwidth=\"0\" marginheight=\"0\" scrolling=\"no\" class=\"wp-embedded-content\"><\/iframe><script type=\"text\/javascript\">\n\/* <![CDATA[ *\/\n\/*! This file is auto-generated *\/\n!function(d,l){\"use strict\";l.querySelector&&d.addEventListener&&\"undefined\"!=typeof URL&&(d.wp=d.wp||{},d.wp.receiveEmbedMessage||(d.wp.receiveEmbedMessage=function(e){var t=e.data;if((t||t.secret||t.message||t.value)&&!\/[^a-zA-Z0-9]\/.test(t.secret)){for(var s,r,n,a=l.querySelectorAll('iframe[data-secret=\"'+t.secret+'\"]'),o=l.querySelectorAll('blockquote[data-secret=\"'+t.secret+'\"]'),c=new RegExp(\"^https?:$\",\"i\"),i=0;i<o.length;i++)o[i].style.display=\"none\";for(i=0;i<a.length;i++)s=a[i],e.source===s.contentWindow&&(s.removeAttribute(\"style\"),\"height\"===t.message?(1e3<(r=parseInt(t.value,10))?r=1e3:~~r<200&&(r=200),s.height=r):\"link\"===t.message&&(r=new URL(s.getAttribute(\"src\")),n=new URL(t.value),c.test(n.protocol))&&n.host===r.host&&l.activeElement===s&&(d.top.location.href=t.value))}},d.addEventListener(\"message\",d.wp.receiveEmbedMessage,!1),l.addEventListener(\"DOMContentLoaded\",function(){for(var e,t,s=l.querySelectorAll(\"iframe.wp-embedded-content\"),r=0;r<s.length;r++)(t=(e=s[r]).getAttribute(\"data-secret\"))||(t=Math.random().toString(36).substring(2,12),e.src+=\"#?secret=\"+t,e.setAttribute(\"data-secret\",t)),e.contentWindow.postMessage({message:\"ready\",secret:t},\"*\")},!1)))}(window,document);\n\/* ]]> *\/\n<\/script>\n","thumbnail_url":"http:\/\/embajadadepanamaenfrancia.fr\/wp-content\/uploads\/2023\/10\/20231004_1637072-scaled.jpg","thumbnail_width":2560,"thumbnail_height":1956,"description":"R\u00e9union de travail productive avec la directrice des Am\u00e9riques du minist\u00e8re des Affaires \u00e9trang\u00e8res \ud83c\udde8\ud83c\uddf5 Mich\u00e8le Ramis, avec qui nous avons align\u00e9 l'agenda de travail sur la coop\u00e9ration bilat\u00e9rale entre \ud83c\uddf5\ud83c\udde6 et \ud83c\udde8\ud83c\uddf5. \u00a0"}

Embajada de Panamá en Francia - Ambassade du Panama en France

Rencontre avec la directrice des Amériques. - Embajada de Panamá en Francia - Ambassade du Panama en France

<blockquote class="wp-embedded-content" data-secret="4W3jbCZVW9"><a href="https://embajadadepanamaenfrancia.fr/fr/rencontre-avec-la-directrice-des-ameriques/">Rencontre avec la directrice des Amériques.</a></blockquote><iframe sandbox="allow-scripts" security="restricted" src="https://embajadadepanamaenfrancia.fr/fr/rencontre-avec-la-directrice-des-ameriques/embed/#?secret=4W3jbCZVW9" width="600" height="338" title="« Rencontre avec la directrice des Amériques. » &#8212; Embajada de Panamá en Francia - Ambassade du Panama en France" data-secret="4W3jbCZVW9" frameborder="0" marginwidth="0" marginheight="0" scrolling="no" class="wp-embedded-content"></iframe><script type="text/javascript">
/* <![CDATA[ */
/*! This file is auto-generated */
!function(d,l){"use strict";l.querySelector&&d.addEventListener&&"undefined"!=typeof URL&&(d.wp=d.wp||{},d.wp.receiveEmbedMessage||(d.wp.receiveEmbedMessage=function(e){var t=e.data;if((t||t.secret||t.message||t.value)&&!/[^a-zA-Z0-9]/.test(t.secret)){for(var s,r,n,a=l.querySelectorAll('iframe[data-secret="'+t.secret+'"]'),o=l.querySelectorAll('blockquote[data-secret="'+t.secret+'"]'),c=new RegExp("^https?:$","i"),i=0;i<o.length;i++)o[i].style.display="none";for(i=0;i<a.length;i++)s=a[i],e.source===s.contentWindow&&(s.removeAttribute("style"),"height"===t.message?(1e3<(r=parseInt(t.value,10))?r=1e3:~~r<200&&(r=200),s.height=r):"link"===t.message&&(r=new URL(s.getAttribute("src")),n=new URL(t.value),c.test(n.protocol))&&n.host===r.host&&l.activeElement===s&&(d.top.location.href=t.value))}},d.addEventListener("message",d.wp.receiveEmbedMessage,!1),l.addEventListener("DOMContentLoaded",function(){for(var e,t,s=l.querySelectorAll("iframe.wp-embedded-content"),r=0;r<s.length;r++)(t=(e=s[r]).getAttribute("data-secret"))||(t=Math.random().toString(36).substring(2,12),e.src+="#?secret="+t,e.setAttribute("data-secret",t)),e.contentWindow.postMessage({message:"ready",secret:t},"*")},!1)))}(window,document);
/* ]]> */
</script>

Réunion de travail productive avec la directrice des Amériques du ministère des Affaires étrangères 🇨🇵 Michèle Ramis, avec qui nous avons aligné l'agenda de travail sur la coopération bilatérale entre 🇵🇦 et 🇨🇵.
